48
What is the highest common divisor of 1442106 and 486?
18
Calculate the greatest common divisor of 1031832 and 811512.
3672
Calculate the highest common divisor of 34749 and 6032169.
1287
Calculate the highest common factor of 41 and 527536750.
41
Calculate the greatest common factor of 806962 and 28782.
1066
Calculate the highest common factor of 5987157 and 132.
33
Calculate the highest common factor of 7920 and 39500208.
1584
What is the highest common divisor of 262754744 and 10794?
3598
Calculate the highest common factor of 731 and 640700.
43
What is the greatest common divisor of 5570008 and 1112?
1112
Calculate the greatest common factor of 2975 and 9681245.
595
What is the greatest common divisor of 3357033 and 3122607?
1317
Calculate the greatest common factor of 2339599 and 1799033.
1223
What is the highest common divisor of 1316130 and 6617594?
4618
Calculate the highest common factor of 411123 and 2243648.
3187
Calculate the greatest common factor of 700 and 617110550.
350
What is the highest common divisor of 23 and 475303993?
23
Calculate the greatest common factor of 1674 and 8400726.
54
What is the greatest common divisor of 4751370 and 558?
558
What is the highest common factor of 8733 and 10804443?
123
What is the greatest common factor of 2460 and 652504340?
820
What is the highest common divisor of 399 and 58585436?
133
Calculate the highest common factor of 208 and 4651478.
26
Calculate the greatest common factor of 2070024 and 312.
24
What is the highest common factor of 3095 and 30475?
5
What is the highest common divisor of 19530 and 193750?
310
What is the greatest common factor of 1685 and 3040?
5
Calculate the greatest common factor of 11481 and 301086.
129
What is the greatest common divisor of 371563 and 53062?
43
What is the highest common factor of 19321 and 256316?
139
Calculate the greatest common factor of 5529 and 111753991.
1843
Calculate the highest common factor of 300 and 8892500.
100
What is the greatest common divisor of 300443 and 4134195?
2483
Calculate the greatest common factor of 10 and 13200635.
5
Calculate the highest common divisor of 208 and 70590368.
16
Calculate the highest common factor of 69052 and 172.
4
Calculate the highest common factor of 9552 and 271356.
12
Calculate the greatest common factor of 21830263 and 273.
91
Calculate the greatest common divisor of 679116 and 5967.
51
Calculate the highest common divisor of 34711830 and 2050.
410
What is the greatest common divisor of 234383017 and 2552?
319
Calculate the highest common factor of 3684 and 18013839.
921
Calculate the greatest common divisor of 208 and 165307072.
16
Calculate the highest common divisor of 7815931 and 1727.
157
Calculate the highest common factor of 12790944 and 45216.
288
What is the highest common factor of 81103 and 1147663?
1111
Calculate the highest common factor of 148848 and 6684.
12
What is the highest common factor of 10138 and 96422?
74
What is the greatest common divisor of 2805881 and 1846?
13
What is the greatest common divisor of 3216144 and 492?
12
Calculate the highest common divisor of 1434581940 and 309.
309
What is the highest common divisor of 8257120 and 55?
5
What is the greatest common factor of 483842548 and 2770?
554
Calculate the greatest common factor of 235012353 and 48369.
2103
What is the highest common divisor of 3972 and 807971?
331
Calculate the greatest common factor of 51906 and 1023114.
246
What is the greatest common factor of 17675 and 306030?
505
Calculate the greatest common factor of 627460 and 1750860.
2740
What is the greatest common divisor of 182033152 and 128?
128
What is the greatest common divisor of 266 and 19071535?
133
Calculate the greatest common divisor of 1398 and 23670237.
699
Calculate the highest common factor of 1272144 and 3408.
48
Calculate the highest common divisor of 394799830 and 920.
230
What is the greatest common divisor of 859 and 43782371?
859
Calculate the greatest common factor of 47725 and 1007975.
575
Calculate the highest common factor of 1035 and 339984.
9
What is the greatest common divisor of 4945974 and 4932?
822
Calculate the highest common factor of 2976233 and 37232.
2327
Calculate the highest common divisor of 990 and 272502.
18
Calculate the greatest common divisor of 616392675 and 25.
25
Calculate the highest common divisor of 53991168 and 1008.
336
What is the highest common divisor of 116123 and 1264833?
313
Calculate the highest common divisor of 1683 and 1145925.
99
What is the greatest common factor of 264 and 28850393?
11
What is the highest common divisor of 22761 and 2187?
81
Calculate the greatest common factor of 2534794 and 488.
122
Calculate the greatest common factor of 3709300 and 49.
49
What is the greatest common divisor of 703956 and 9636?
132
Calculate the highest common factor of 291 and 24655.
1
What is the greatest common factor of 290 and 30868760?
290
Calculate the greatest common factor of 398886669 and 2655.
531
What is the highest common divisor of 2612 and 94530892?
2612
Calculate the highest common factor of 537233567 and 52.
13
Calculate the highest common divisor of 15326 and 154230.
194
What is the highest common divisor of 1031044 and 70728?
28
What is the highest common divisor of 77359557 and 99?
33
What is the highest common divisor of 296801804 and 2444?
2444
What is the greatest common factor of 265364 and 973951?
407
What is the greatest common divisor of 987719405 and 1115?
1115
Calculate the greatest common factor of 49 and 477750539.
49
Calculate the highest common factor of 11510765 and 2821.
217
What is the greatest common divisor of 203281932 and 84?
84
What is the greatest common factor of 1320 and 1098966?
66
What is the highest common divisor of 51300 and 26200?
100
What is the highest common divisor of 26752 and 12902064?
304
What is the greatest common factor of 3339 and 356601?
21
Calculate the highest common divisor of 25376 and 13974368.
1952
What is the greatest common factor of 1218 and 83901408?
174
Calculate the highest common factor of 94457646 and 610.
122
Calculate the greatest common factor of 1421 and 8522143.
203
What is the greatest common divisor of 70836505 and 1835?
1835
Calculate the highest common divisor of 950861 and 187.
17
Calculate the highest common factor of 152607 and 221.
13
What is the greatest common divisor of 1681 and 808807?
41
Calculate the highest common divisor of 80 and 40462930.
10
What is the greatest common factor of 1825058 and 1896?
158
What is the greatest common divisor of 5 and 25794580?
5
What is the highest common factor of 3061130 and 10?
10
What is the highest common divisor of 23534 and 67559390?
3362
Calculate the highest common factor of 137442437 and 341.
341
What is the greatest common divisor of 36 and 194906604?
12
What is the highest common divisor of 108 and 5476?
4
What is the highest common factor of 174 and 8830529?
29
What is the greatest common divisor of 33 and 41356018?
11
Calculate the highest common factor of 121370350 and 30.
10
Calculate the greatest common factor of 2921555 and 260.
65
Calculate the highest common factor of 204070 and 10700.
10
Calculate the greatest common divisor of 313506224 and 51440.
10288
What is the highest common divisor of 490 and 318892?
98
Calculate the greatest common divisor of 1153129471 and 4507.
4507
What is the highest common divisor of 3252357 and 477?
9
What is the greatest common divisor of 483 and 243264?
21
What is the greatest common factor of 1068543630 and 70?
70
Calculate the highest common factor of 21150744 and 696.
696
Calculate the highest common divisor of 2689165 and 9215.
95
What is the highest common divisor of 38 and 101813058?
38
What is the highest common factor of 94863 and 18231?
309
What is the greatest common divisor of 292 and 2781446?
146
What is the highest common divisor of 10020 and 15720?
60
Calculate the highest common factor of 52 and 398612.
4
Calculate the highest common factor of 92170 and 16097845.
3545
Calculate the highest common factor of 822383004 and 58745.
11749
Calculate the greatest common divisor of 752 and 1111696.
16
Calculate the greatest common divisor of 1158896 and 120.
8
Calculate the greatest common factor of 45900 an